?
2
Suppose -1150 = -x + 6*x. Let p = x + 333. What are the prime factors of p?
103
Let z(o) = -o**3 + 3*o**2 + 6*o - 6. Let h be z(4). Suppose h*i = -x - i + 52, 4*x = 3*i + 283. List the prime factors of x.
67
Let y be (-2)/11 - 172/22. List the prime factors of -2*-7*(-116)/y.
7, 29
Let s be (6 - 4)/(0 - -1). Suppose 2*i + 2*z - 13 = -1, 0 = s*i + 5*z - 21. Let q = i + 25. What are the prime factors of q?
2, 7
What are the prime factors of ((-82035)/(-60))/((-9)/4 - -3)?
1823
Suppose -u - 57 = -501. List the prime factors of u.
2, 3, 37
Let x be (20/15)/((-4)/(-6)). Suppose -x*q + 7 = 3. Suppose -4*k + 6 = q*v, -4*k - 4*v = 1 - 5. What are the prime factors of k?
2
Suppose -4*f + 829 = -2*m - 1071, -1906 = -4*f + 5*m. Let t = 2 - 2. Suppose -6*w + t*w = -f. What are the prime factors of w?
79
Suppose -3*k + 1580 = k + 2*q, q - 4 = 0. Let a = k - 221. List the prime factors of a.
2, 43
What are the prime factors of (-5)/((-45)/2088) - (-3)/1?
5, 47
Let a = -1492 + 1543. What are the prime factors of a?
3, 17
Let c(q) be the second derivative of -q**3/3 + 2*q**2 + 14*q. List the prime factors of c(-14).
2
List the prime factors of (14 - 9) + 1248/(12/4).
421
Suppose -q = -3*w - 8, q - 6 = -4*q - 2*w. Let u be (13/q)/((-2)/(-4)). Suppose 156 = -9*y + u*y. What are the prime factors of y?
3, 13
Let j(w) = 2*w**2 - 2*w - 64. List the prime factors of j(10).
2, 29
Let o = 108 - 115. Let r(a) = -a**2 - 9*a + 8. What are the prime factors of r(o)?
2, 11
Let u(q) = 36*q + 12. Let d be u(-6). What are the prime factors of d/(-3) - (3 - 4)?
3, 23
Let j = -128 - -138. Suppose 0 = j*n - 1886 - 34. What are the prime factors of n?
2, 3
Let f(n) be the first derivative of n**4/4 + 5*n**3/3 + 3*n - 10. What are the prime factors of f(4)?
3, 7
Let f(w) = -2*w**2 + 42*w + 24. List the prime factors of f(14).
2, 5, 11
Let m = -17 - -30. Let n(v) = -m*v - 12*v - 13 + 8*v + 11. List the prime factors of n(-1).
3, 5
List the prime factors of (-553)/(-14) + (60/(-8))/5.
2, 19
Suppose 130187 + 434613 = 100*o. List the prime factors of o.
2, 353
Let i be (1/(-2))/((-2)/24). Suppose -3*f - 6 = -i*f. Let p = 18 + f. What are the prime factors of p?
2, 5
Let x(k) be the first derivative of k**3/3 - k**2/2 + 34*k - 10. What are the prime factors of x(0)?
2, 17
Let z = -29 + 62. Let k = 73 - z. What are the prime factors of k?
2, 5
Let l = -1798 - -3252. What are the prime factors of l?
2, 727
Let r(c) be the first derivative of 11*c**2/2 + 9*c + 2. What are the prime factors of r(5)?
2
List the prime factors of (1 + 0)/(3/1518).
2, 11, 23
Suppose -5*g + 5*c + 40 = 0, -5*g + 3*c + 34 = -0*c. What are the prime factors of 453/15 - 1/g?
2, 3, 5
Suppose -2*c + 187 + 151 = -2*s, -4*s = 4*c - 652. List the prime factors of c.
2, 83
Let s = 281 - 279. Suppose -3*b + 44 = -2*q + 200, -q + 5*b = -78. Suppose w = -s*w + q. List the prime factors of w.
2, 13
Suppose 21*m - 1200 = 9*m. List the prime factors of m.
2, 5
Let i be 32/5 + 18/(-45). Suppose -u + 2*y = -29, 3*u = -3*y + 75 - i. Suppose -5*b + u = -195. What are the prime factors of b?
2, 11
Suppose -5*a - 2*a + 175 = 0. List the prime factors of (-10)/a + 162/5.
2
Let u be -1*(1 + 6) - -1. Let q(l) = 3*l**2 - 4*l - 8. Let s(c) = 2*c**2 - 5*c - 7. Let n(j) = 4*q(j) - 5*s(j). What are the prime factors of n(u)?
3, 7
Let t be (2 - -37)*1/3. Suppose 3*m - 4*f - 139 = 0, -16 - t = -m - 3*f. What are the prime factors of m?
41
Let z = -26 - -28. Suppose -8*p + z = -102. List the prime factors of p.
13
Suppose r + 3*j - 643 = 0, r + 0*r + 2*j = 645. List the prime factors of r.
11, 59
Let u(r) = 3 - 3 - 11*r - r**2 + 5. Let k be u(-9). Let q = -18 + k. What are the prime factors of q?
5
Let p(y) = -257*y**3 + 5*y**2 + 3*y + 1. Let z(x) = x**2. Let u(f) = p(f) - z(f). What are the prime factors of u(-1)?
7, 37
Let c = 59 + -59. Suppose c = 3*k + 3*k - 294. List the prime factors of k.
7
Let y(v) = 19*v - 4. Let s be (-4)/(-5)*(-20)/(-8). List the prime factors of y(s).
2, 17
Let y(o) = 2*o. Let k(w) = w - 1. Let j(x) = 3*k(x) - 2*y(x). Let v be j(-10). Let u = v - 4. What are the prime factors of u?
3
Let j(u) = 97*u**2. Let p be j(1). Let l be (1 - 1)/(0 - 0 - -2). Suppose -5*i + 4*k + 119 = 0, -p = -3*i - l*i - 4*k. List the prime factors of i.
3
Let g(j) = -15 - j + 0*j + 2*j - 3*j. Let l be g(0). Let y = l - -17. List the prime factors of y.
2
Let k(b) = -13*b. Suppose 30 = -3*m - 2*m - 3*z, -3*m - 4*z - 29 = 0. List the prime factors of k(m).
3, 13
Suppose 2*v + 5 = 7. Suppose 0 = -i + 13 - v. List the prime factors of i.
2, 3
Let d(k) = -k**2 + 5*k. Let p be d(5). Suppose -2*l - u + 17 = p, 2*u + 0 = -10. What are the prime factors of l?
11
Let n(f) = -f**3 + 10*f**2 - 8*f - 7. Let o be n(9). Suppose -o*x + 142 = 4*j, 3*x + j - 196 = -3. Suppose 2*s = x + 25. What are the prime factors of s?
2, 11
Let m be (680/(-6))/((-8)/24). Let q = -152 + m. List the prime factors of q.
2, 47
Let f = 65 - 32. Let t be 2134/f*(0 - -3). Suppose 5*o + 54 - t = 0. What are the prime factors of o?
2, 7
Let k(b) = -3*b**2 + 86*b + 34. List the prime factors of k(18).
2, 5, 61
Let o = -5218 + 7491. What are the prime factors of o?
2273
Let a = -7 - -9. Suppose -6*m = -7*m + a. Suppose m*l - 13 = 43. List the prime factors of l.
2, 7
Suppose 0 = 5*a - 128 - 17. Suppose -a = -0*v - v. What are the prime factors of v?
29
Let h(i) = -10*i**2 - 7*i - 5. Let j(k) = 21*k**2 + 15*k + 11. Let f(a) = -5*h(a) - 2*j(a). Let w be f(4). Let b = w + -88. What are the prime factors of b?
3, 7
Suppose 5*g = 5*d - 12 - 3, 3*g - 12 = -4*d. Let q be 2/4 - (-59)/2. Suppose m - d*m = -q. List the prime factors of m.
3, 5
Suppose 0 = -7*t + 6*t + 5*o + 803, -4*o + 830 = t. List the prime factors of t.
2, 409
Let j be -1*(-10)/(-4)*-2. Suppose -4*r - 2*a + 118 = -a, j*r = -3*a + 144. Let c = 64 - r. List the prime factors of c.
2, 17
Let o(n) = 2*n - n**2 - 214 + 107 + 110 + 6*n. Suppose -4 = -2*q - 2*j, -2*q - 6*j = -j + 11. List the prime factors of o(q).
2, 5
Suppose -2*f - 2*f = -8. Suppose -3*o + 685 = 5*b, -f*b + 5*o + 274 = -0*o. What are the prime factors of b?
137
Let m be (-2 - 9)/((-9)/18). List the prime factors of 81*(-3 - m/(-6)).
2, 3
Let m be 2/((16/(-42))/4). Let d = 56 + -14. Let t = d + m. What are the prime factors of t?
3, 7
Let c(v) = -v + 9. Let j be c(7). Suppose 3*y - j*y = 0. Suppose 200 = 3*b - 4*i, b + 0*b + i - 69 = y. What are the prime factors of b?
2, 17
Let t(d) = 2*d**3 - 71*d**2 + 10*d - 41. What are the prime factors of t(36)?
5, 17, 19
Suppose 18 - 9 = 3*d. Suppose -r + 3*r + 2 = -d*w, w = -4*r - 14. Let p(g) = 2*g**2 - 2*g. List the prime factors of p(w).
2
Let z be 39/(-2)*(-32)/(-12). Let b = z - -107. List the prime factors of b.
5, 11
Let m = -58 - -47. Let c(d) = -d**2 - 17*d - 9. What are the prime factors of c(m)?
3, 19
Let j(w) = -w**3 + 12*w**2 + 14*w - 6. Let n be j(13). Let t = -73 - n. Let m = t - -118. What are the prime factors of m?
2, 19
Let q = -51 + 252. Let m = q + -128. What are the prime factors of m?
73
Let h = -17 + 22. Suppose 0 = -3*o - h - 13. What are the prime factors of ((-15)/o - -1)*6?
3, 7
Let d(h) = h**2 - 27. Let l be d(22). Suppose l = 4*a - 151. What are the prime factors of a?
2, 19
Let j = 13 + -1. Let c = -503 - -504. List the prime factors of (-22)/(c - 20/j).
3, 11
Suppose 0 = 5*o - 9*o. Let x = -9 - o. What are the prime factors of x*(-2)/(-12)*-10?
3, 5
Suppose 4*m + 6*m - 3870 = 0. What are the prime factors of m?
3, 43
Suppose -14*v - 17*v + 2821 = 0. List the prime factors of v.
7, 13
Suppose -3*h = 2 + 1. Let d = 109 + -106. Let z = d + h. List the prime factors of z.
2
Let j be (1 + -5 - -133) + 3. Suppose 4*p - 336 - j = 0. What are the prime factors of p?
3, 13
Let r = -194 + 582. List the prime factors of r.
2, 97
List the prime factors of (-355)/((-2)/16 + 140/(-160)).
5, 71
Let l be (-3 + 9)*(-1)/(-2). Let k be l + -1 + -2 + 4. Suppose i - k*i = -108. What are the prime factors of i?
2, 3
Let g = -667 + 2732. What are the prime factors of g?
5, 7, 59
Suppose -3*m = -i - 164, -5*m + 50 = 4*i + 655. Let h = i - -230. List the prime factors of h.
3, 5
Suppose m = -4*n, -4*m = -5*m + 5*n. Suppose -19 = -j - m. List the prime factors of -8 + j - (-5 - -2).
2, 7
List the prime